.
11
Calculate the remainder when 173 is divided by 25.
23
What is the remainder when 591 is divided by 85?
81
Calculate the remainder when 375 is divided by 54.
51
What is the remainder when 2214 is divided by 167?
43
Calculate the remainder when 690 is divided by 228.
6
Calculate the remainder when 15 is divided by 4.
3
What is the remainder when 313 is divided by 13?
1
Calculate the remainder when 458 is divided by 33.
29
Calculate the remainder when 9434 is divided by 185.
184
Calculate the remainder when 144 is divided by 14.
4
What is the remainder when 557 is divided by 183?
8
Calculate the remainder when 1861 is divided by 151.
49
Calculate the remainder when 1572 is divided by 105.
102
What is the remainder when 85 is divided by 4?
1
Calculate the remainder when 169 is divided by 43.
40
Calculate the remainder when 673 is divided by 77.
57
What is the remainder when 158 is divided by 82?
76
Calculate the remainder when 1638 is divided by 134.
30
Calculate the remainder when 68 is divided by 39.
29
What is the remainder when 1646 is divided by 118?
112
Calculate the remainder when 379 is divided by 64.
59
What is the remainder when 1967 is divided by 962?
43
What is the remainder when 1240 is divided by 73?
72
Calculate the remainder when 666 is divided by 130.
16
Calculate the remainder when 3741 is divided by 48.
45
What is the remainder when 1726 is divided by 12?
10
Calculate the remainder when 192 is divided by 26.
10
What is the remainder when 125 is divided by 36?
17
Calculate the remainder when 8 is divided by 2.
0
Calculate the remainder when 11259 is divided by 32.
27
What is the remainder when 150 is divided by 11?
7
Calculate the remainder when 4311 is divided by 44.
43
What is the remainder when 406 is divided by 24?
22
Calculate the remainder when 6733 is divided by 14.
13
What is the remainder when 3530 is divided by 208?
202
What is the remainder when 3411 is divided by 171?
162
Calculate the remainder when 177 is divided by 12.
9
What is the remainder when 2288 is divided by 15?
8
What is the remainder when 463 is divided by 58?
57
Calculate the remainder when 97 is divided by 20.
17
Calculate the remainder when 351 is divided by 95.
66
Calculate the remainder when 6503 is divided by 12.
11
What is the remainder when 342 is divided by 32?
22
Calculate the remainder when 413 is divided by 55.
28
What is the remainder when 202 is divided by 8?
2
What is the remainder when 372 is divided by 73?
7
What is the remainder when 66 is divided by 33?
0
Calculate the remainder when 44 is divided by 16.
12
Calculate the remainder when 2634 is divided by 30.
24
What is the remainder when 18747 is divided by 109?
108
Calculate the remainder when 4162 is divided by 520.
2
What is the remainder when 148 is divided by 10?
8
Calculate the remainder when 626 is divided by 123.
11
Calculate the remainder when 78 is divided by 16.
14
Calculate the remainder when 84 is divided by 46.
38
What is the remainder when 114 is divided by 45?
24
Calculate the remainder when 86 is divided by 19.
10
Calculate the remainder when 179 is divided by 24.
11
What is the remainder when 325 is divided by 66?
61
Calculate the remainder when 735 is divided by 240.
15
What is the remainder when 618 is divided by 69?
66
Calculate the remainder when 1 is divided by 1.
0
What is the remainder when 3374 is divided by 45?
44
Calculate the remainder when 138 is divided by 28.
26
Calculate the remainder when 1050 is divided by 87.
6
What is the remainder when 113 is divided by 44?
25
Calculate the remainder when 135 is divided by 92.
43
What is the remainder when 115 is divided by 61?
54
What is the remainder when 131 is divided by 28?
19
What is the remainder when 136 is divided by 4?
0
What is the remainder when 40 is divided by 21?
19
Calculate the remainder when 30 is divided by 5.
0
Calculate the remainder when 428 is divided by 48.
44
Calculate the remainder when 292 is divided by 42.
40
What is the remainder when 92 is divided by 71?
21
Calculate the remainder when 310 is divided by 158.
152
Calculate the remainder when 4367 is divided by 156.
155
What is the remainder when 211 is divided by 16?
3
Calculate the remainder when 500 is divided by 177.
146
What is the remainder when 2785 is divided by 306?
31
What is the remainder when 403 is divided by 51?
46
Calculate the remainder when 1147 is divided by 76.
7
Calculate the remainder when 641 is divided by 304.
33
Calculate the remainder when 69 is divided by 25.
19
Calculate the remainder when 53 is divided by 23.
7
What is the remainder when 945 is divided by 159?
150
Calculate the remainder when 46 is divided by 4.
2
What is the remainder when 119 is divided by 8?
7
Calculate the remainder when 503 is divided by 56.
55
What is the remainder when 243 is divided by 71?
30
Calculate the remainder when 374 is divided by 147.
80
Calculate the remainder when 216 is divided by 70.
6
Calculate the remainder when 1270 is divided by 12.
10
What is the remainder when 3052 is divided by 65?
62
Calculate the remainder when 81 is divided by 15.
6
What is the remainder when 1438 is divided by 96?
94
What is the remainder when 749 is divided by 47?
44
Calculate the remainder when 2468 is divided by 307.
12
What is the remainder when 214 is divided by 73?
68
Calculate the remainder when 620 is divided by 18.
8
Calculate the remainder when 57 is divided by 25.
7
Calculate the remainder when 68 is divided by 9.
5
Calculate the remainder when 2635 is divided by 29.
25
Calculate the remainder when 632 is divided by 12.
8
What is the remainder when 360 is divided by 97?
69
What is the remainder when 93 is divided by 19?
17
What is the remainder when 15614 is divided by 5203?
5
What is the remainder when 31121 is divided by 63?
62
Calculate the remainder when 63 is divided by 14.
7
What is the remainder when 407 is divided by 163?
81
What is the remainder when 1719 is divided by 96?
87
What is the remainder when 3298 is divided by 150?
148
What is the remainder when 1207 is divided by 60?
7
Calculate the remainder when 282 is divided by 61.
38
What is the remainder when 1011 is divided by 302?
105
Calculate the remainder when 993 is divided by 12.
9
Calculate the remainder when 121 is divided by 44.
33
What is the remainder when 1517 is divided by 80?
77
What is the remainder when 115 is divided by 41?
33
Calculate the remainder when 152 is divided by 51.
50
What is the remainder when 44 is divided by 5?
4
What is the remainder when 246 is divided by 33?
15
What is the remainder when 440 is divided by 25?
15
What is the remainder when 106 is divided by 91?
15
Calculate the remainder when 644 is divided by 316.
12
What is the remainder when 1408 is divided by 83?
80
What is the remainder when 115 is divided by 111?
4
Calculate the remainder when 4798 is divided by 40.
38
What is the remainder when 333 is divided by 24?
21
What is the remainder when 1432 is divided by 32?
24
What is the remainder when 748 is divided by 38?
26
What is the remainder when 137 is divided by 69?
68
What is the remainder when 286 is divided by 16?
14
Calculate the remainder when 3317 is divided by 28.
13
Calculate the remainder when 403 is divided by 9.
7
What is the remainder when 665 is divided by 139?
109
What is the remainder when 592 is divided by 157?
121
What is the remainder when 270 is divided by 21?
18
Calculate the remainder when 2181 is divided by 37.
35
What is the remainder when 646 is divided by 134?
110
What is the remainder when 145 is divided by 63?
19
Calculate the remainder when 83 is divided by 24.
11
What is the remainder when 2417 is divided by 9?
5
What is the remainder when 3743 is divided by 117?
116
Calculate the remainder when 214 is divided by 72.
70
What is the remainder when 6952 is divided by 93?
70
What is the remainder when 316 is divided by 162?
154
Calculate the remainder when 836 is divided by 20.
16
What is the remainder when 1355 is divided by 4?
3
Calculate the remainder when 268 is divided by 55.
48
What is the remainder when 225 is divided by 141?
84
What is the remainder when 1962 is divided by 76?
62
Calculate the remainder when 3642 is divided by 15.
12
Calculate the remainder when 538 is divided by 60.
58
